ded by h?
0
Suppose 0 = r - o - o - 18, -5*o + 54 = 3*r. Suppose -2*m = -0*m - 10. What is the remainder when r is divided by m?
3
Let v(y) = y**3 + 8*y**2 - 8*y + 9. Let o be v(-9). Suppose -i + 2*i - 6 = o. Suppose -2*f + 2 + 16 = -2*q, q = 1. What is the remainder when f is divided by i?
4
What is the remainder when ((-12)/(-10))/(3/80) is divided by 17?
15
Let b = -44 - -73. What is the remainder when b is divided by 15?
14
Suppose -2*a = -o - 2*o - 9, 3*a - 2*o = 21. Calculate the remainder when -23 - -59 - (-1 + 2) is divided by a.
8
Suppose 16*u + 8 = 18*u. Suppose -5*k = -3*h - 2*h + 5, 0 = -2*k - 3*h + 13. Calculate the remainder when u is divided by k.
0
Let q(v) = v**2 - 1. Let g = 2 + 1. Calculate the remainder when q(g) is divided by 5.
3
Let b be 1675/(-13) + (-22)/143. Calculate the remainder when (-3)/(9/b) - 1 is divided by 15.
12
Suppose 5*n + 21 = 3*o - 19, 3*o + 3*n = 0. Let m be 2/13 - (-4)/(-26). Suppose 6*l + 8 = k + 4*l, m = 4*l. What is the remainder when k is divided by o?
3
Suppose 0 = -4*k + 2*w + 4, -4 = -3*k + 5*w - 15. Suppose 4*q - 15 = -a, 3 = 4*q + 5*a - 8. Let j = q - -4. What is the remainder when j is divided by k?
2
What is the remainder when 27 is divided by (-16)/(-24)*(-30)/(-4)?
2
Let j = -19 - -80. Calculate the remainder when j is divided by 16.
13
Suppose 0*c - 3*u = 2*c + 5, -2*c - 4*u - 8 = 0. Suppose -t + 3*p = -2, 4*t - 42 = -7*p + c*p. Calculate the remainder when 23 is divided by t.
7
Let a(m) = -3*m**2 + 58*m - 13. What is the remainder when 16 is divided by a(19)?
4
Suppose 0*i - 26 = -2*i + 2*l, 2*i + 5*l - 19 = 0. What is the remainder when i is divided by 7?
5
Calculate the remainder when 10 is divided by (-2)/(0 - -2)*-5.
0
Let t = -5 + 9. Let g(o) = 2*o**2 - 5*o + 4. Calculate the remainder when 31 is divided by g(t).
15
Let b = -32 - -71. Calculate the remainder when b is divided by 11.
6
Let c be 22/16 - 57/152. Suppose 2*r = 7*r - 5. Let q = r + c. Calculate the remainder when q is divided by 2.
0
Let l(w) = 4*w**2 + 7*w + 4. Let s(u) = -u**2 + 5*u - 4. Let m be s(5). Calculate the remainder when l(m) is divided by 80/6 - 4/(-6).
12
Suppose -2*i - 23 = -3. Let t = 13 + i. What is the remainder when 9 is divided by t?
0
Let z(p) = 13*p + 3. Calculate the remainder when z(1) is divided by 6.
4
Let p(t) = t**3 + 6*t**2 + t + 9. What is the remainder when 14 is divided by p(-6)?
2
Suppose -3*i + 68 = -2*f - 138, -3*f + 252 = 4*i. Suppose -2*k - k + i = 0. What is the remainder when 65 is divided by k?
21
Suppose 8*t = 6*t + 54. Calculate the remainder when t is divided by 15.
12
Suppose -149*v + 21 = -148*v. Suppose 6 + 4 = -2*l. Let n(o) = -9*o - 5. What is the remainder when n(l) is divided by v?
19
Let d(v) = -v**3 - 9*v**2 + v + 4. Let t be d(-9). Let u = 5 + t. Suppose -7*i + 2*i + 55 = u. Calculate the remainder when 42 is divided by i.
9
What is the remainder when 0 + (-112)/(-5) + 15/25 is divided by 3?
2
What is the remainder when (-258)/(-10) + 6/180*6 is divided by 15?
11
Suppose 0 = 2*x - 6. Suppose -k = -x*d + 2*d - 47, -4*k + 216 = 3*d. Suppose -5*c + k + 24 = -b, -b - 19 = -c. Calculate the remainder when 40 is divided by c.
12
Suppose 12 = 3*a, -5*c = -c - 5*a - 172. Suppose 4*f - 80 = -5*k, -f = -3*k - 3*f + c. What is the remainder when 30 is divided by k?
14
Suppose -g = -4*o + 35, 3*o + g - 33 = 4*g. Let u(h) = 2*h**2 + h**2 - 5*h**2 - o*h**3 - 2*h - 3*h**3 - 1. What is the remainder when 19 is divided by u(-1)?
9
Let o(y) = 4*y - 4. Let z = 6 - 2. What is the remainder when o(z) is divided by 7?
5
Suppose 90 = 11*u - 2*u. What is the remainder when u is divided by 6?
4
Suppose -4*m = -5*h - 189, -3*h = 3*m - 8*h - 143. What is the remainder when m is divided by 12?
10
Let s(q) = 0*q + 0*q + q**2 - 3*q - 3. Let y be ((-30)/(-45))/(0 + (-2)/(-18)). What is the remainder when 42 is divided by s(y)?
12
Suppose -2 = -2*l - g, -5*l - g = -3 + 1. Suppose l = b - 40 + 13. What is the remainder when 79 is divided by b?
25
What is the remainder when 17 is divided by 1*(-4)/4*-7?
3
Let h be 124/24 - (-2)/(-12). Suppose 5*v = h*o - 35, 0 = -2*o - v + 1 + 1. Suppose -28 + o = -5*t. What is the remainder when 19 is divided by t?
4
Suppose -b - 3 - 9 = 0. What is the remainder when 27 is divided by ((-15)/(-9))/((-2)/b)?
7
Let n = -128 - -218. Suppose n - 30 = 4*j. Calculate the remainder when j is divided by 8.
7
Suppose 2*p - 3*p - 5*n + 7 = 0, -2 = -2*n. Suppose -p*z = 3*z - 65. Calculate the remainder when 24 is divided by z.
11
Let s(z) = z**3 - z**2 + z + 7. Let k be s(0). Suppose -t = -19 - k. Suppose -w - t = -3*w. Calculate the remainder when 37 is divided by w.
11
Let a be (-2)/8 - 9/(-4). What is the remainder when (-5)/a*(-366)/15 is divided by -3*2/(6/(-21))?
19
Suppose -2*c - 2*z = -60, 2*z = -0*z + 6. Suppose 4 = -w, 0 = -5*x + 2*w - c + 120. What is the remainder when x is divided by 6?
5
Let l = -9 + 13. Suppose -5*m + 27 = l*g, 0*g + 23 = 3*g + m. Suppose t - 5 = 4*k - 3, -4*t + 2*k + 50 = 0. What is the remainder when t is divided by g?
6
What is the remainder when ((-7)/2)/7 + 1796/8 is divided by 45?
44
Let q(y) = y**3 + y**2 - y + 15. Let t be 28/(-3) + (-3)/(-9). What is the remainder when q(0) is divided by t/6*32/(-6)?
7
Suppose 0 = -3*k + 3*y + 30, 0 = 4*k + y - 86 + 31. Suppose -37 = -4*o - k. Calculate the remainder when 33 is divided by (-68)/o*(-9)/6.
16
Suppose 2*v - v + 4*g = 39, -4*g = -2*v + 78. Suppose 0 = -2*l + 5*l - 69. Let j = 33 - l. What is the remainder when v is divided by j?
9
What is the remainder when 30 is divided by (108/(-63))/(3/(-14))?
6
Let n(g) = -g**3 - 6*g**2 - 6*g - 3. Calculate the remainder when 5 is divided by n(-5).
1
Let s(z) be the first derivative of -z**2/2 + 2*z + 1. Suppose -3*q = 3*n + 2 + 1, 4*q = -5*n - 7. Calculate the remainder when s(n) is divided by 2.
1
Let x = 64 - 114. Let s = -13 - x. Suppose -5*k = 4*h - 70, -14*h = -4*k - 15*h + 45. Calculate the remainder when s is divided by k.
7
Suppose -3*y + 8*y - 75 = 0. Let k = 38 - y. What is the remainder when k is divided by 12?
11
Let j = -29 - -42. What is the remainder when j is divided by 5?
3
Let t(d) = 4*d**2 - 5*d**2 - d + 2*d + 19. Suppose 4*n = 10*n. What is the remainder when t(n) is divided by 7?
5
Suppose -5*k + 93 = 4*g, -3*k = -k + 4*g - 30. Let u = -47 + 87. Calculate the remainder when u is divided by k.
19
Let i(v) = v - 5. Suppose 0 = -2*f - 2, -r + 3 = -f + 1. Let l be 13/r*5/5. What is the remainder when 31 is divided by i(l)?
7
Suppose 2*f + 2*x - 6 = 0, -4*x + 3*x = -4*f + 12. Suppose -f*s - 38 = -5*s. Calculate the remainder when 55 is divided by s.
17
Let r(t) = 15*t**2 + 0*t**2 + 19*t**2. What is the remainder when r(1) is divided by 9?
7
Suppose 3*l - 105 = -4*j, l = -5*j + 6*l + 105. Calculate the remainder when j is divided by 9.
6
Suppose 5*o + 15 = 5*m, -2*m - 5*o = m - 17. Calculate the remainder when 23 is divided by m.
3
What is the remainder when 11 is divided by 2 + -3 + 6 + 4/(-2)?
2
Suppose 4*h + 12 = -0*h. What is the remainder when h*6/5*-5 is divided by 7?
4
Let m(h) be the second derivative of 0 + 2*h + 1/12*h**4 - 7/2*h**2 - 1/2*h**3. Calculate the remainder when 7 is divided by m(5).
1
Let p(y) = -y**2 + 3*y + 3. Let h be p(7). Let w = 35 + h. Calculate the remainder when 29 is divided by w.
9
Suppose 24*v - 31*v = -84. What is the remainder when 81 is divided by v?
9
Suppose 4*q - 354 = 2*q. What is the remainder when q is divided by 30?
27
Suppose -3*m - f = 52 - 3, 0 = -f - 4. Let b = -5 - m. Calculate the remainder when 26 is divided by b.
6
Let f(t) = t**2 + 2*t - 5. Let d be (-86)/18 + 4/(-18). Let m = 31 + -25. What is the remainder when f(d) is divided by m?
4
Let u(g) = 2*g - 2. Let l be u(2). Suppose -l*s - 24 = -4*s - 4*t, -s + 2 = -3*t. Calculate the remainder when 15 is divided by s.
7
Suppose -i = 4*q - 17, -4*i + 79 = -2*q + 11. Suppose -2*j + s = 8, -4*s + i = -0*j - 5*j. Let w = 4 - j. What is the remainder when 26 is divided by w?
8
Let m(s) = 12*s - 3. Suppose 4*w + 6 = 14. Let i be m(w). Suppose j + 2*j - i = 0. What is the remainder when j is divided by 3?
1
Let g(z) be the first derivative of z**2/2 + 16*z - 3. What is the remainder when g(-7) is divided by 5?
4
Let p(n) = n**2 + 12*n + 12. C